y - 32593 + 10939. What are the prime factors of y?
2, 3, 401
Let q(w) = -w + 4 - 3*w + 4*w - 4*w. Let z be q(-3). Suppose g - z = -g. List the prime factors of g.
2
Suppose 5*h = -4*i + 1887, 4*h + 2*i + i = 1509. List the prime factors of h.
3, 5
Let x be -3 - 5*(-3 - -2). Suppose -x*v = 5*o - 13, -12 - 2 = -5*o - v. Suppose -4*z + 128 = o*d, -d = -0*z - 3*z - 21. List the prime factors of d.
2, 3
Suppose -4*b + 3*i = -5*b + 1178, 0 = 2*b + 2*i - 2356. What are the prime factors of b?
2, 19, 31
Suppose 5*j + 990 = -35. Let f = j - -291. List the prime factors of f.
2, 43
Suppose q - 223 = -2*a + 516, -2*a - 4*q = -736. List the prime factors of a.
2, 5, 37
Let c(x) = -x**3 + 31*x**2 - 73*x + 15. List the prime factors of c(21).
2, 3, 241
Let a(h) = -2*h**3 + 88*h**2 - 52*h + 91. What are the prime factors of a(43)?
1553
Let t = -262 + 1387. List the prime factors of t.
3, 5
Suppose -34*c - 5*c = -65208. What are the prime factors of c?
2, 11, 19
Let j = -2548 - -2847. List the prime factors of j.
13, 23
Let h = 741 + -461. List the prime factors of h.
2, 5, 7
Let v be (-3)/((-12)/(-32))*9/(-12). List the prime factors of 3/(-36)*-1516 - 2/v.
2, 3, 7
Suppose 0 = -5*q + 22 - 12. Suppose 39 = q*m + u, 5*m - 105 = u - 2*u. What are the prime factors of m/(-33)*(-75)/2?
5
Let b(t) = -t**3 - 5*t**2 - 9*t + 3. What are the prime factors of b(-4)?
23
Suppose 2*h + 4*r - 95 = 127, 4*h + 4*r - 452 = 0. List the prime factors of h.
5, 23
Suppose 0 = -2*c + 4*c - 2*z - 114, -5*c - 4*z = -276. Let k = 100 - c. What are the prime factors of k?
2, 11
Let c(p) be the second derivative of p**4/12 + p**3/3 + p**2/2 - 19*p. Let d be 2 - ((-4)/(-2) - -4). What are the prime factors of c(d)?
3
Suppose -4*s + 508 = -1720. What are the prime factors of s?
557
Suppose 2*s + j - 4*j - 543 = 0, 1367 = 5*s + 2*j. Suppose 0 = -8*v + 5*v + 3*g + s, 2*g = -4*v + 352. What are the prime factors of v?
89
Suppose 2*a = 0, -2*m - 5*a - 14 = -0*a. Let d(x) = -11*x + 10. List the prime factors of d(m).
3, 29
Let h be 2*(-6)/12 - 3*1. Let s(m) = -22*m - 13. What are the prime factors of s(h)?
3, 5
Let w = 45 + 291. List the prime factors of -1*(0 - -7)*(-11808)/w.
2, 3, 41
Let h(t) = 2 - 7*t - 8*t**3 + 0 + 12*t**2 - 16*t**2 + 0*t**3. What are the prime factors of h(-3)?
7, 29
Let g(q) = -q**3 - 64*q**2 + 237*q - 18. What are the prime factors of g(-68)?
2, 1181
Suppose -3*m + 4*c = -800, -5*c - 415 - 653 = -4*m. What are the prime factors of m?
2, 17
What are the prime factors of (-2)/((-26080)/(-13045) - (4 + -2))?
2609
Let y(s) = 4*s**2 + s - 5. Let n(z) = -z**2 - z - 1. Let p(x) = -6*n(x) + y(x). List the prime factors of p(-4).
7, 19
Let r be ((-1)/3*2)/(18/108). Let o(y) = -y + 12. What are the prime factors of o(r)?
2
Let p(q) = q**2 + 14. Let h(d) = -d**2 + 3*d + 11. Let n be h(4). What are the prime factors of p(n)?
3, 7
Let f(a) = 113*a + 55. What are the prime factors of f(9)?
2, 67
Let x = 409 - 139. Suppose 2*c - 157 = -c - 2*f, 5*c - x = -5*f. List the prime factors of c.
7
Let n be (1/(-2))/(2/32). Let c = -7 - -17. Let g = n + c. List the prime factors of g.
2
Suppose 6*v - v - 15 = 0. Suppose 0 = v*c + 4*h - 17, 2*c - 2 = -3*h + 8. List the prime factors of c.
11
Let l(d) be the first derivative of d**3 - 2*d**2 - 4*d + 3. What are the prime factors of l(-3)?
5, 7
Let y(p) = 8*p + 8. Let z = 18 - 13. What are the prime factors of y(z)?
2, 3
Let s = -123 - -126. What are the prime factors of (s - -15 - 3)*(-4)/(-6)?
2, 5
Let c(o) = 4*o + 10. Let l be c(-2). Suppose 3*s + 309 = 2*d + 10, l*s + 294 = 2*d. List the prime factors of d.
2, 71
Let a(g) = 69*g**2 - 5*g + 4. List the prime factors of a(3).
2, 5, 61
Let t be ((-9)/(-6))/(0 - 12/(-152)). Let q(p) = p**2 - 16*p - 25. What are the prime factors of q(t)?
2
Let f = 31 + 9. What are the prime factors of (669/(-4))/((-30)/f)?
223
Let l(j) = 6*j**2 + 13*j + 11. What are the prime factors of l(-11)?
2, 3, 11
Suppose -256 = 6*r - 268. What are the prime factors of r?
2
What are the prime factors of (-330)/(-110)*521/3?
521
Suppose -7 = -4*z + 13, 0 = -2*w - 5*z + 27. Let p be (136/85)/(w/(-5)). Let f = p + 15. What are the prime factors of f?
7
Let s(x) = -3*x**3 - 8*x**2 - 9*x + 1. Let q be s(-5). Let r = q - 133. What are the prime factors of r?
2, 11
Suppose 2*c - 3056 = -6*z, 3*c + z - 1618 - 2990 = 0. List the prime factors of c.
29, 53
Suppose 4*p - q - 1 = -2, 0 = -2*q - 6. Let r(b) = 10*b**2 - 1. Let z be r(p). Let j = -2 + z. List the prime factors of j.
7
Suppose 0 = -0*s - 4*s - 40. Let h = s - -2. Let d = h - -13. List the prime factors of d.
5
List the prime factors of ((-106)/318)/((-12543)/(-12546) - 1).
2, 17, 41
Let q(b) = -14*b + 0 + 1 - 2*b**2 + 3*b**2 + 3. What are the prime factors of q(18)?
2, 19
Suppose 61 = 4*k - d, k = 3*k + d - 29. List the prime factors of 44/6 + 10/k.
2
Let h = 1051 - 621. Suppose -2*i + 10*z - 6*z = -430, -2*i + 2*z = -h. What are the prime factors of i?
5, 43
Suppose x - 3 + 6 = 0. What are the prime factors of (36/15)/(2/(-440)*x)?
2, 11
Let t(c) = 29*c - 4. Let x be t(3). Let i = x + -23. List the prime factors of 4748/i + (-4)/30.
79
Let f(v) = v**2 + 7*v + 2. Let n be f(-7). Suppose 2*r = -4*m - n*r + 356, 0 = -2*m + 3*r + 158. What are the prime factors of m?
5, 17
Suppose -d + 59 = -h - 74, 4*d - h - 526 = 0. List the prime factors of d.
131
Suppose -2*w = 2*z - 1768, 12 = -5*w + w. What are the prime factors of z?
887
Let v be -2*(-34)/(-6)*-3. Let o = -47 + v. Let g = o + 35. What are the prime factors of g?
2, 11
Let r = 12 - 18. Let m = 26 + r. What are the prime factors of m?
2, 5
Let d = 105 - -10. Let t = d - 69. List the prime factors of t.
2, 23
Suppose -3*k + 1080 = -111. Let x = 697 - k. What are the prime factors of x?
2, 3, 5
Let w = 1357 - 965. What are the prime factors of w?
2, 7
Let r be (-1)/(-3) - 416/(-12). Suppose r = w - 15. What are the prime factors of w?
2, 5
Suppose -13*c + 33 = 85. What are the prime factors of (11/(165/(-50)))/(c/210)?
5, 7
Let v = -109 - -112. Suppose v*t - 49 - 11 = 0. What are the prime factors of t?
2, 5
Suppose 0 = -4*m + 3*m + 245. List the prime factors of -7*7/(m/(-50)).
2, 5
Suppose -4291 + 13491 = 20*y. Suppose 176 + 67 = i - 4*t, 2*i + 5*t = y. List the prime factors of i.
5, 47
Let o be -3 - (-6*29 + -6). Suppose 0 = -4*x + 2*w + 12, -2*x - 4*w = -4*x + 12. Suppose q - o = -x*q. List the prime factors of q.
59
Let p = 39 + 9. Suppose p*q = 50*q - 132. List the prime factors of q.
2, 3, 11
Let w(y) = -3*y**3 - 6*y**2 - 3. Let o(s) = -4*s**3 - 6*s**2 - 4. Let v(i) = 2*o(i) - 3*w(i). Let u be v(-6). What are the prime factors of u/5 + 1014/30?
2, 17
What are the prime factors of ((-1610)/(-21) - -3)*3?
239
Suppose v - 106 = 5*z - v, -4*z + 5*v = 78. Let o = -27 - z. Let d = o + 7. What are the prime factors of d?
2
Let j = 8 + -11. Let h be 2/(-7)*(j + -11). Suppose -4*b + 4*g = -64, -b + 4*g + 9 = -h. List the prime factors of b.
17
Suppose 5*w - 267 + 107 = 0. What are the prime factors of w?
2
Let g(r) = r**3 + r**2 + r + 3. Let t be g(0). Suppose 2*k + 2*k - x - 91 = 0, 5*k + 4*x = 140. What are the prime factors of k + 4/(-4) + t?
2, 13
Let h = -83 + 142. What are the prime factors of h?
59
Let o = 11 + 77. Suppose -i + o = 31. What are the prime factors of i?
3, 19
Suppose 5*l - 17377 = -3*a, -5*l + 16036 - 4453 = 2*a. What are the prime factors of a?
2, 2897
Suppose -2*u + 2*o = -2072, -4*u + 4483 = -3*o + 337. What are the prime factors of u?
2, 3, 173
Suppose -6*z - 73 = -2*z + m, -4*z - 3*m - 67 = 0. Let n = 10 + z. Let p(a) = -3*a + 6. List the prime factors of p(n).
3, 11
Let v(d) = d**2 + d + 1. Let b be v(0). List the prime factors of (77/b)/((-17)/(-17)).
7, 11
Let m be -12*2*3/(-18). Let k be 47/m - 21/28. Suppose 0 = -2*g - k + 51. List the prime factors of g.
2, 5
Suppose 2*b - 5*d - 5383 = 90, d = 3*b - 8177. List the prime factors of b.
2, 3, 227
Let t(a) = -3*a + 12. Let o be t(6). Let p be 0/(-1) + (-480)/o. Let h = -50 + p. What are the prime factors of h?
2, 3, 5
Let k(h) = 2*h**2 - 2*h + 3. Let g be k(3). Let t(d) = -5 + g*d - 10 - 9. What are the prime factors of t(6)?
2, 3, 11
Let z(w) = w**3 - w**2 - 2. Let n be z(2). Suppose -98 = l - n*l. List the prime factors of -2*(-2 - l/